

{"id":166,"date":"2022-07-17T17:52:26","date_gmt":"2022-07-17T17:52:26","guid":{"rendered":"http:\/\/192.168.3.86\/?page_id=166"},"modified":"2022-10-18T20:59:24","modified_gmt":"2022-10-18T20:59:24","slug":"publicaciones","status":"publish","type":"page","link":"https:\/\/sistemaselec.ieem.org.mx\/vocalias2023\/publicaciones\/","title":{"rendered":"Publicaciones"},"content":{"rendered":"\n<h2 class=\"wp-block-heading\">PUBLICACIONES<\/h2>\n\n\n\n<div class=\"wp-block-columns lista-desempeno is-layout-flex wp-container-core-columns-is-layout-9d6595d7 wp-block-columns-is-layout-flex\">\n<div class=\"wp-block-column generales-lista is-layout-flow wp-block-column-is-layout-flow\"><div id=\"sp-ea-225\" class=\"sp-ea-one sp-easy-accordion\" data-ex-icon=\"fa-minus\" data-col-icon=\"fa-plus\"  data-ea-active=\"ea-click\"  data-ea-mode=\"vertical\" data-preloader=\"\"><div class=\"ea-card ea-expand sp-ea-single\"><h3 class=\"ea-header\"><a class=\"collapsed\" data-sptoggle=\"spcollapse\" data-sptarget=#collapse2250 href=\"javascript:void(0)\" aria-expanded=\"true\"><i class=\"ea-expand-icon fa fa-minus\"><\/i> Publicaci\u00f3n 8-08-23<\/a><\/h3><div class=\"sp-collapse spcollapse collapsed show\" id=\"collapse2250\" data-parent=#sp-ea-225><div class=\"ea-body\"><p><a href=\"https:\/\/sistemaselec.ieem.org.mx\/vocalias2023\/wp-content\/uploads\/Dictamenes_EDD_vocales_2023.pdf\" target=\"_blank\" rel=\"noopener\">Dict\u00e1menes de resultados de la evaluaci\u00f3n del desempe\u00f1o de vocal\u00edas de jutas distritales.<\/a><\/p>\n<\/div><\/div><\/div><div class=\"ea-card  sp-ea-single\"><h3 class=\"ea-header\"><a class=\"collapsed\" data-sptoggle=\"spcollapse\" data-sptarget=#collapse2251 href=\"javascript:void(0)\" aria-expanded=\"false\"><i class=\"ea-expand-icon fa fa-plus\"><\/i> Publicaciones 30-11-22<\/a><\/h3><div class=\"sp-collapse spcollapse \" id=\"collapse2251\" data-parent=#sp-ea-225><div class=\"ea-body\"><ul>\n<li><a href=\"https:\/\/sistemaselec.ieem.org.mx\/vocalias2023\/wp-content\/docs_vocales\/Folios_y_resultados_de_la_entrevista.pdf\" target=\"_blank\" rel=\"noopener\">Publicaci\u00f3n de folios y resultados de la entrevista.<\/a><\/li>\n<li><a href=\"https:\/\/sistemaselec.ieem.org.mx\/vocalias2023\/wp-content\/docs_vocales\/Folios_que_no_asistieron_a_la_entrevista_y_causaron_baja_del_Concurso.pdf\" target=\"_blank\" rel=\"noopener\">Publicaci\u00f3n de folios de los aspirantes que no asistieron a la entrevista y causaron baja del Concurso.<\/a><\/li>\n<\/ul>\n<\/div><\/div><\/div><div class=\"ea-card  sp-ea-single\"><h3 class=\"ea-header\"><a class=\"collapsed\" data-sptoggle=\"spcollapse\" data-sptarget=#collapse2252 href=\"javascript:void(0)\" aria-expanded=\"false\"><i class=\"ea-expand-icon fa fa-plus\"><\/i> Publicaciones 23-11-22<\/a><\/h3><div class=\"sp-collapse spcollapse \" id=\"collapse2252\" data-parent=#sp-ea-225><div class=\"ea-body\"><ul>\n<li><a href=\"https:\/\/sistemaselec.ieem.org.mx\/vocalias2023\/wp-content\/docs_vocales\/Publicacion_folio_examen.pdf\" target=\"_blank\" rel=\"noopener\">Publicaci\u00f3n de folio y calificaci\u00f3n del examen de conocimientos.\u00a0<\/a><\/li>\n<li><a href=\"https:\/\/sistemaselec.ieem.org.mx\/vocalias2023\/wp-content\/docs_vocales\/Publicacion_folio_no_pasa_vc.pdf\" target=\"_blank\" rel=\"noopener\">Publicaci\u00f3n de folio de aspirante que no pasa a la valoraci\u00f3n curricular.<\/a><\/li>\n<\/ul>\n<\/div><\/div><\/div><div class=\"ea-card  sp-ea-single\"><h3 class=\"ea-header\"><a class=\"collapsed\" data-sptoggle=\"spcollapse\" data-sptarget=#collapse2253 href=\"javascript:void(0)\" aria-expanded=\"false\"><i class=\"ea-expand-icon fa fa-plus\"><\/i> Publicaci\u00f3n 17-11-22<\/a><\/h3><div class=\"sp-collapse spcollapse \" id=\"collapse2253\" data-parent=#sp-ea-225><div class=\"ea-body\"><ul>\n<li><a href=\"https:\/\/sistemaselec.ieem.org.mx\/vocalias2023\/wp-content\/docs_vocales\/Folios_y_resultados_de_la_valoracion_curricular.pdf\" target=\"_blank\" rel=\"noopener\">Publicaci\u00f3n de folios y resultados de la valoraci\u00f3n curricular.<\/a><\/li>\n<li><a href=\"https:\/\/sistemaselec.ieem.org.mx\/vocalias2023\/wp-content\/docs_vocales\/Folios_que_no_cumplieron_requisitos_y_causaron_baja_del_Concurso.pdf\" target=\"_blank\" rel=\"noopener\">Publicaci\u00f3n de folios de los aspirantes que no cumplieron requisitos y causaron baja del concurso.<\/a><\/li>\n<li><a href=\"https:\/\/sistemaselec.ieem.org.mx\/vocalias2023\/wp-content\/docs_vocales\/Folios_grupos_fechas_medio_y_horarios_para_la_entrevista.pdf\" target=\"_blank\" rel=\"noopener\">Publicaci\u00f3n de folios, grupos, fechas, medio y horarios para la entrevista.<\/a><\/li>\n<\/ul>\n<\/div><\/div><\/div><div class=\"ea-card  sp-ea-single\"><h3 class=\"ea-header\"><a class=\"collapsed\" data-sptoggle=\"spcollapse\" data-sptarget=#collapse2254 href=\"javascript:void(0)\" aria-expanded=\"false\"><i class=\"ea-expand-icon fa fa-plus\"><\/i> Publicaciones 26-10-22<\/a><\/h3><div class=\"sp-collapse spcollapse \" id=\"collapse2254\" data-parent=#sp-ea-225><div class=\"ea-body\"><ul>\n<li><a href=\"https:\/\/sistemaselec.ieem.org.mx\/vocalias2023\/wp-content\/docs_vocales\/Calificaciones_examen.pdf\">Publicaci\u00f3n de folios y calificaciones del examen de conocimientos.<\/a><\/li>\n<li><a href=\"https:\/\/sistemaselec.ieem.org.mx\/vocalias2023\/wp-content\/docs_vocales\/Folios_valoracion_curricular.pdf\">Publicaci\u00f3n de folios de aspirantes que pasan a la valoraci\u00f3n curricular.<\/a><\/li>\n<\/ul>\n<\/div><\/div><\/div><div class=\"ea-card  sp-ea-single\"><h3 class=\"ea-header\"><a class=\"collapsed\" data-sptoggle=\"spcollapse\" data-sptarget=#collapse2255 href=\"javascript:void(0)\" aria-expanded=\"false\"><i class=\"ea-expand-icon fa fa-plus\"><\/i> Publicaciones 18-10-22<\/a><\/h3><div class=\"sp-collapse spcollapse \" id=\"collapse2255\" data-parent=#sp-ea-225><div class=\"ea-body\"><ul>\n<li><a href=\"https:\/\/sistemaselec.ieem.org.mx\/vocalias2023\/wp-content\/docs_vocales\/Folios_que_pasan_a_examen.pdf\" target=\"_blank\" rel=\"noopener\">Publicaci\u00f3n de folios, fecha y horarios para realizar el simulacro y el examen de conocimientos. <\/a><\/li>\n<\/ul>\n<ul>\n<li><a href=\"https:\/\/sistemaselec.ieem.org.mx\/vocalias2023\/wp-content\/docs_vocales\/Folios_sin_derecho_a_examen.pdf\" target=\"_blank\" rel=\"noopener\">Publicaci\u00f3n de folios de aspirantes sin derecho a presentar el examen de conocimientos.<\/a><\/li>\n<\/ul>\n<\/div><\/div><\/div><\/div>\n<\/div>\n<\/div>\n","protected":false},"excerpt":{"rendered":"<p>PUBLICACIONES<\/p>\n","protected":false},"author":1,"featured_media":0,"parent":0,"menu_order":0,"comment_status":"closed","ping_status":"open","template":"","meta":{"footnotes":""},"class_list":["post-166","page","type-page","status-publish","hentry"],"_links":{"self":[{"href":"https:\/\/sistemaselec.ieem.org.mx\/vocalias2023\/wp-json\/wp\/v2\/pages\/166","targetHints":{"allow":["GET"]}}],"collection":[{"href":"https:\/\/sistemaselec.ieem.org.mx\/vocalias2023\/wp-json\/wp\/v2\/pages"}],"about":[{"href":"https:\/\/sistemaselec.ieem.org.mx\/vocalias2023\/wp-json\/wp\/v2\/types\/page"}],"author":[{"embeddable":true,"href":"https:\/\/sistemaselec.ieem.org.mx\/vocalias2023\/wp-json\/wp\/v2\/users\/1"}],"replies":[{"embeddable":true,"href":"https:\/\/sistemaselec.ieem.org.mx\/vocalias2023\/wp-json\/wp\/v2\/comments?post=166"}],"version-history":[{"count":11,"href":"https:\/\/sistemaselec.ieem.org.mx\/vocalias2023\/wp-json\/wp\/v2\/pages\/166\/revisions"}],"predecessor-version":[{"id":593,"href":"https:\/\/sistemaselec.ieem.org.mx\/vocalias2023\/wp-json\/wp\/v2\/pages\/166\/revisions\/593"}],"wp:attachment":[{"href":"https:\/\/sistemaselec.ieem.org.mx\/vocalias2023\/wp-json\/wp\/v2\/media?parent=166"}],"curies":[{"name":"wp","href":"https:\/\/api.w.org\/{rel}","templated":true}]}}

<h2 class="wp-block-heading">PUBLICACIONES</h2>



<div class="wp-block-columns lista-desempeno is-layout-flex wp-container-core-columns-is-layout-9d6595d7 wp-block-columns-is-layout-flex">
<div class="wp-block-column generales-lista is-layout-flow wp-block-column-is-layout-flow"><div id="sp-ea-225" class="sp-ea-one sp-easy-accordion" data-ex-icon="fa-minus" data-col-icon="fa-plus"  data-ea-active="ea-click"  data-ea-mode="vertical" data-preloader=""><div class="ea-card ea-expand sp-ea-single"><h3 class="ea-header"><a class="collapsed" data-sptoggle="spcollapse" data-sptarget=#collapse2250 href="javascript:void(0)" aria-expanded="true"><i class="ea-expand-icon fa fa-minus"></i> Publicación 8-08-23</a></h3><div class="sp-collapse spcollapse collapsed show" id="collapse2250" data-parent=#sp-ea-225><div class="ea-body"><p><a href="https://sistemaselec.ieem.org.mx/vocalias2023/wp-content/uploads/Dictamenes_EDD_vocales_2023.pdf" target="_blank" rel="noopener">Dictámenes de resultados de la evaluación del desempeño de vocalías de jutas distritales.</a></p>
</div></div></div><div class="ea-card  sp-ea-single"><h3 class="ea-header"><a class="collapsed" data-sptoggle="spcollapse" data-sptarget=#collapse2251 href="javascript:void(0)" aria-expanded="false"><i class="ea-expand-icon fa fa-plus"></i> Publicaciones 30-11-22</a></h3><div class="sp-collapse spcollapse " id="collapse2251" data-parent=#sp-ea-225><div class="ea-body"><ul>
<li><a href="https://sistemaselec.ieem.org.mx/vocalias2023/wp-content/docs_vocales/Folios_y_resultados_de_la_entrevista.pdf" target="_blank" rel="noopener">Publicación de folios y resultados de la entrevista.</a></li>
<li><a href="https://sistemaselec.ieem.org.mx/vocalias2023/wp-content/docs_vocales/Folios_que_no_asistieron_a_la_entrevista_y_causaron_baja_del_Concurso.pdf" target="_blank" rel="noopener">Publicación de folios de los aspirantes que no asistieron a la entrevista y causaron baja del Concurso.</a></li>
</ul>
</div></div></div><div class="ea-card  sp-ea-single"><h3 class="ea-header"><a class="collapsed" data-sptoggle="spcollapse" data-sptarget=#collapse2252 href="javascript:void(0)" aria-expanded="false"><i class="ea-expand-icon fa fa-plus"></i> Publicaciones 23-11-22</a></h3><div class="sp-collapse spcollapse " id="collapse2252" data-parent=#sp-ea-225><div class="ea-body"><ul>
<li><a href="https://sistemaselec.ieem.org.mx/vocalias2023/wp-content/docs_vocales/Publicacion_folio_examen.pdf" target="_blank" rel="noopener">Publicación de folio y calificación del examen de conocimientos. </a></li>
<li><a href="https://sistemaselec.ieem.org.mx/vocalias2023/wp-content/docs_vocales/Publicacion_folio_no_pasa_vc.pdf" target="_blank" rel="noopener">Publicación de folio de aspirante que no pasa a la valoración curricular.</a></li>
</ul>
</div></div></div><div class="ea-card  sp-ea-single"><h3 class="ea-header"><a class="collapsed" data-sptoggle="spcollapse" data-sptarget=#collapse2253 href="javascript:void(0)" aria-expanded="false"><i class="ea-expand-icon fa fa-plus"></i> Publicación 17-11-22</a></h3><div class="sp-collapse spcollapse " id="collapse2253" data-parent=#sp-ea-225><div class="ea-body"><ul>
<li><a href="https://sistemaselec.ieem.org.mx/vocalias2023/wp-content/docs_vocales/Folios_y_resultados_de_la_valoracion_curricular.pdf" target="_blank" rel="noopener">Publicación de folios y resultados de la valoración curricular.</a></li>
<li><a href="https://sistemaselec.ieem.org.mx/vocalias2023/wp-content/docs_vocales/Folios_que_no_cumplieron_requisitos_y_causaron_baja_del_Concurso.pdf" target="_blank" rel="noopener">Publicación de folios de los aspirantes que no cumplieron requisitos y causaron baja del concurso.</a></li>
<li><a href="https://sistemaselec.ieem.org.mx/vocalias2023/wp-content/docs_vocales/Folios_grupos_fechas_medio_y_horarios_para_la_entrevista.pdf" target="_blank" rel="noopener">Publicación de folios, grupos, fechas, medio y horarios para la entrevista.</a></li>
</ul>
</div></div></div><div class="ea-card  sp-ea-single"><h3 class="ea-header"><a class="collapsed" data-sptoggle="spcollapse" data-sptarget=#collapse2254 href="javascript:void(0)" aria-expanded="false"><i class="ea-expand-icon fa fa-plus"></i> Publicaciones 26-10-22</a></h3><div class="sp-collapse spcollapse " id="collapse2254" data-parent=#sp-ea-225><div class="ea-body"><ul>
<li><a href="https://sistemaselec.ieem.org.mx/vocalias2023/wp-content/docs_vocales/Calificaciones_examen.pdf">Publicación de folios y calificaciones del examen de conocimientos.</a></li>
<li><a href="https://sistemaselec.ieem.org.mx/vocalias2023/wp-content/docs_vocales/Folios_valoracion_curricular.pdf">Publicación de folios de aspirantes que pasan a la valoración curricular.</a></li>
</ul>
</div></div></div><div class="ea-card  sp-ea-single"><h3 class="ea-header"><a class="collapsed" data-sptoggle="spcollapse" data-sptarget=#collapse2255 href="javascript:void(0)" aria-expanded="false"><i class="ea-expand-icon fa fa-plus"></i> Publicaciones 18-10-22</a></h3><div class="sp-collapse spcollapse " id="collapse2255" data-parent=#sp-ea-225><div class="ea-body"><ul>
<li><a href="https://sistemaselec.ieem.org.mx/vocalias2023/wp-content/docs_vocales/Folios_que_pasan_a_examen.pdf" target="_blank" rel="noopener">Publicación de folios, fecha y horarios para realizar el simulacro y el examen de conocimientos. </a></li>
</ul>
<ul>
<li><a href="https://sistemaselec.ieem.org.mx/vocalias2023/wp-content/docs_vocales/Folios_sin_derecho_a_examen.pdf" target="_blank" rel="noopener">Publicación de folios de aspirantes sin derecho a presentar el examen de conocimientos.</a></li>
</ul>
</div></div></div></div>
</div>
</div>
