

{"id":160,"date":"2022-07-17T12:59:12","date_gmt":"2022-07-17T12:59:12","guid":{"rendered":"http:\/\/192.168.3.86\/?page_id=160"},"modified":"2022-07-17T13:00:59","modified_gmt":"2022-07-17T13:00:59","slug":"avisos","status":"publish","type":"page","link":"https:\/\/sistemaselec.ieem.org.mx\/vocalias2023\/avisos\/","title":{"rendered":"Avisos"},"content":{"rendered":"\n<h2 class=\"wp-block-heading\">AVISOS<\/h2>\n\n\n\n<div class=\"wp-block-columns is-layout-flex wp-container-core-columns-is-layout-9d6595d7 wp-block-columns-is-layout-flex\">\n<div class=\"wp-block-column generales-lista is-layout-flow wp-block-column-is-layout-flow\"><div id=\"sp-ea-164\" class=\"sp-ea-one sp-easy-accordion\" data-ex-icon=\"fa-minus\" data-col-icon=\"fa-plus\"  data-ea-active=\"ea-click\"  data-ea-mode=\"vertical\" data-preloader=\"\"><div class=\"ea-card ea-expand sp-ea-single\"><h3 class=\"ea-header\"><a class=\"collapsed\" data-sptoggle=\"spcollapse\" data-sptarget=#collapse1640 href=\"javascript:void(0)\" aria-expanded=\"true\"><i class=\"ea-expand-icon fa fa-minus\"><\/i> AVISO 27-01-23<\/a><\/h3><div class=\"sp-collapse spcollapse collapsed show\" id=\"collapse1640\" data-parent=#sp-ea-164><div class=\"ea-body\"><p><a href=\"https:\/\/www.ieem.org.mx\/2023\/Convocatoria%20Observaci%C3%B3n%20Electoral.pdf\" target=\"_blank\" rel=\"noopener\"><u>Conoce la Convocatoria para la ciudadan\u00eda interesada en participar como observadora electoral para la Elecci\u00f3n de Gubernatura 2023.<\/u><\/a><\/p>\n<\/div><\/div><\/div><div class=\"ea-card  sp-ea-single\"><h3 class=\"ea-header\"><a class=\"collapsed\" data-sptoggle=\"spcollapse\" data-sptarget=#collapse1641 href=\"javascript:void(0)\" aria-expanded=\"false\"><i class=\"ea-expand-icon fa fa-plus\"><\/i> AVISO 04-10-2022<\/a><\/h3><div class=\"sp-collapse spcollapse \" id=\"collapse1641\" data-parent=#sp-ea-164><div class=\"ea-body\"><p>Si al realizar tu Preinscripci\u00f3n aparece el mensaje \u201csecci\u00f3n electoral no v\u00e1lida\u201d y est\u00e1s seguro (a) de haberla ingresado tal cual aparece en tu credencial para votar, es probable que la secci\u00f3n electoral haya sido afectada, derivado de las modificaciones al marco seccional del Estado de M\u00e9xico; por lo tanto, te sugerimos comunicarte al Instituto Nacional Electoral al tel\u00e9fono: <strong>800 433 2000<\/strong>, ya que al proporcionar los datos que te soliciten, sabr\u00e1s a qu\u00e9 secci\u00f3n perteneces actualmente y podr\u00e1s realizar tu Preinscripci\u00f3n e Inscripci\u00f3n.<\/p>\n<\/div><\/div><\/div><div class=\"ea-card  sp-ea-single\"><h3 class=\"ea-header\"><a class=\"collapsed\" data-sptoggle=\"spcollapse\" data-sptarget=#collapse1642 href=\"javascript:void(0)\" aria-expanded=\"false\"><i class=\"ea-expand-icon fa fa-plus\"><\/i> AVISO 26-09-2022<\/a><\/h3><div class=\"sp-collapse spcollapse \" id=\"collapse1642\" data-parent=#sp-ea-164><div class=\"ea-body\"><p><a href=\"https:\/\/sistemaselec.ieem.org.mx\/vocalias2023\/wp-content\/docs_vocales\/guia.pdf\" target=\"_blank\" rel=\"noopener\">Gu\u00eda para la presentaci\u00f3n del examen de conocimientos<\/a><\/p>\n<\/div><\/div><\/div><\/div>\n<\/div>\n<\/div>\n","protected":false},"excerpt":{"rendered":"<p>AVISOS<\/p>\n","protected":false},"author":1,"featured_media":0,"parent":0,"menu_order":0,"comment_status":"closed","ping_status":"open","template":"","meta":{"footnotes":""},"class_list":["post-160","page","type-page","status-publish","hentry"],"_links":{"self":[{"href":"https:\/\/sistemaselec.ieem.org.mx\/vocalias2023\/wp-json\/wp\/v2\/pages\/160","targetHints":{"allow":["GET"]}}],"collection":[{"href":"https:\/\/sistemaselec.ieem.org.mx\/vocalias2023\/wp-json\/wp\/v2\/pages"}],"about":[{"href":"https:\/\/sistemaselec.ieem.org.mx\/vocalias2023\/wp-json\/wp\/v2\/types\/page"}],"author":[{"embeddable":true,"href":"https:\/\/sistemaselec.ieem.org.mx\/vocalias2023\/wp-json\/wp\/v2\/users\/1"}],"replies":[{"embeddable":true,"href":"https:\/\/sistemaselec.ieem.org.mx\/vocalias2023\/wp-json\/wp\/v2\/comments?post=160"}],"version-history":[{"count":2,"href":"https:\/\/sistemaselec.ieem.org.mx\/vocalias2023\/wp-json\/wp\/v2\/pages\/160\/revisions"}],"predecessor-version":[{"id":165,"href":"https:\/\/sistemaselec.ieem.org.mx\/vocalias2023\/wp-json\/wp\/v2\/pages\/160\/revisions\/165"}],"wp:attachment":[{"href":"https:\/\/sistemaselec.ieem.org.mx\/vocalias2023\/wp-json\/wp\/v2\/media?parent=160"}],"curies":[{"name":"wp","href":"https:\/\/api.w.org\/{rel}","templated":true}]}}