

{"id":114,"date":"2022-07-17T02:04:31","date_gmt":"2022-07-17T02:04:31","guid":{"rendered":"http:\/\/192.168.3.86\/?page_id=114"},"modified":"2023-01-05T23:26:37","modified_gmt":"2023-01-05T23:26:37","slug":"designacion","status":"publish","type":"page","link":"https:\/\/sistemaselec.ieem.org.mx\/vocalias2023\/designacion\/","title":{"rendered":"Designaci\u00f3n"},"content":{"rendered":"\n<h2 class=\"wp-block-heading\">DESIGNACI\u00d3N<\/h2>\n\n\n\n<p><\/p>\n\n\n\n<h3 class=\"margin_top wp-block-heading\">Lista de personas designadas en las vocal\u00edas distritales para la Elecci\u00f3n de Gubernatura 2023<strong>.<\/strong><\/h3>\n\n\n\n<article class=\"contenedor_lista\">\n<ul>\n \t<li class=\"criterios-descarga\"><a href=\"https:\/\/sistemaselec.ieem.org.mx\/vocalias2023\/wp-content\/docs_vocales\/Publicacion_de_los_aspirantes_designados_en_las_vocalias_distritales.pdf\" target=\"_blank\" rel=\"noopener\">Descargar<strong>LISTA DE PERSONAS DESIGNADAS<\/strong><\/a><\/li>\n<\/ul><\/article>\n\n\n\t\t<div class=\"embedpress-document-embed embedpress-pdf ose-document ep-doc-b9a943a096d5dc1b6db26da987b12bdf \">\n\t\t\t<div class=\"embedpress-inner-iframe\">\n\t\t\t\t<iframe class=\"embedpress-embed-document-pdf embedpress-pdf-1672961163355\" style=\"width:600px;height:600px; max-width:100%; display: inline-block\" src=\"https:\/\/sistemaselec.ieem.org.mx\/vocalias2023\/wp-content\/plugins\/embedpress\/assets\/pdf\/web\/viewer.html?file=https:\/\/sistemaselec.ieem.org.mx\/vocalias2023\/wp-content\/uploads\/Publicacion_de_los_aspirantes_designados_en_las_vocalias_distritales.pdf#themeMode=default&amp;toolbar=true&amp;position=top&amp;presentation=true&amp;download=true&amp;copy_text=true&amp;doc_rotation=true&amp;doc_details=true\" frameborder=\"0\"><\/iframe>\n\n\t\t\t\t\n\t\t\t\t<p class=\"embedpress-el-powered\">Powered By EmbedPress<\/p>\t\t\t<\/div>\n\n\t\t<\/div>\n\t\n\n\n<h3 class=\"margin_top wp-block-heading\">Lista de reserva de las vocal\u00edas distritales para la Elecci\u00f3n de Gubernatura 2023.<\/h3>\n\n\n\n<article class=\"contenedor_lista\">\n<ul>\n \t<li class=\"criterios-descarga\"><a href=\"https:\/\/sistemaselec.ieem.org.mx\/vocalias2023\/wp-content\/docs_vocales\/Publicacion_de_los_aspirantes_que_integran_la_lista_de_reserva.pdf\" target=\"_blank\" rel=\"noopener\">Descargar<strong>LISTA DE PERSONAS EN LISTA DE RESERVA<\/strong><\/a><\/li>\n<\/ul><\/article>\n\n\n\t\t<div class=\"embedpress-document-embed embedpress-pdf ose-document ep-doc-753b95360fbbbf82411997cfbf5a966e \">\n\t\t\t<div class=\"embedpress-inner-iframe\">\n\t\t\t\t<iframe class=\"embedpress-embed-document-pdf embedpress-pdf-1672961184232\" style=\"width:600px;height:600px; max-width:100%; display: inline-block\" src=\"https:\/\/sistemaselec.ieem.org.mx\/vocalias2023\/wp-content\/plugins\/embedpress\/assets\/pdf\/web\/viewer.html?file=https:\/\/sistemaselec.ieem.org.mx\/vocalias2023\/wp-content\/uploads\/Publicacion_de_los_aspirantes_que_integran_la_lista_de_reserva.pdf#themeMode=default&amp;toolbar=true&amp;position=top&amp;presentation=true&amp;download=true&amp;copy_text=true&amp;doc_rotation=true&amp;doc_details=true\" frameborder=\"0\"><\/iframe>\n\n\t\t\t\t\n\t\t\t\t<p class=\"embedpress-el-powered\">Powered By EmbedPress<\/p>\t\t\t<\/div>\n\n\t\t<\/div>\n\t","protected":false},"excerpt":{"rendered":"<p>DESIGNACI\u00d3N Lista de personas designadas en las vocal\u00edas distritales para la Elecci\u00f3n de Gubernatura 2023. [&hellip;]<\/p>\n","protected":false},"author":1,"featured_media":0,"parent":0,"menu_order":0,"comment_status":"closed","ping_status":"open","template":"","meta":{"footnotes":""},"class_list":["post-114","page","type-page","status-publish","hentry"],"_links":{"self":[{"href":"https:\/\/sistemaselec.ieem.org.mx\/vocalias2023\/wp-json\/wp\/v2\/pages\/114","targetHints":{"allow":["GET"]}}],"collection":[{"href":"https:\/\/sistemaselec.ieem.org.mx\/vocalias2023\/wp-json\/wp\/v2\/pages"}],"about":[{"href":"https:\/\/sistemaselec.ieem.org.mx\/vocalias2023\/wp-json\/wp\/v2\/types\/page"}],"author":[{"embeddable":true,"href":"https:\/\/sistemaselec.ieem.org.mx\/vocalias2023\/wp-json\/wp\/v2\/users\/1"}],"replies":[{"embeddable":true,"href":"https:\/\/sistemaselec.ieem.org.mx\/vocalias2023\/wp-json\/wp\/v2\/comments?post=114"}],"version-history":[{"count":37,"href":"https:\/\/sistemaselec.ieem.org.mx\/vocalias2023\/wp-json\/wp\/v2\/pages\/114\/revisions"}],"predecessor-version":[{"id":693,"href":"https:\/\/sistemaselec.ieem.org.mx\/vocalias2023\/wp-json\/wp\/v2\/pages\/114\/revisions\/693"}],"wp:attachment":[{"href":"https:\/\/sistemaselec.ieem.org.mx\/vocalias2023\/wp-json\/wp\/v2\/media?parent=114"}],"curies":[{"name":"wp","href":"https:\/\/api.w.org\/{rel}","templated":true}]}}

Designación

<h2 class="wp-block-heading">DESIGNACIÓN</h2>



<p></p>



<h3 class="margin_top wp-block-heading">Lista de personas designadas en las vocalías distritales para la Elección de Gubernatura 2023<strong>.</strong></h3>



<article class="contenedor_lista">
<ul>
 	<li class="criterios-descarga"><a href="https://sistemaselec.ieem.org.mx/vocalias2023/wp-content/docs_vocales/Publicacion_de_los_aspirantes_designados_en_las_vocalias_distritales.pdf" target="_blank" rel="noopener">Descargar<strong>LISTA DE PERSONAS DESIGNADAS</strong></a></li>
</ul></article>


		<div class="embedpress-document-embed embedpress-pdf ose-document ep-doc-b9a943a096d5dc1b6db26da987b12bdf ">
			<div class="embedpress-inner-iframe">
				<iframe class="embedpress-embed-document-pdf embedpress-pdf-1672961163355" style="width:600px;height:600px; max-width:100%; display: inline-block" src="https://sistemaselec.ieem.org.mx/vocalias2023/wp-content/plugins/embedpress/assets/pdf/web/viewer.html?file=https://sistemaselec.ieem.org.mx/vocalias2023/wp-content/uploads/Publicacion_de_los_aspirantes_designados_en_las_vocalias_distritales.pdf#themeMode=default&amp;toolbar=true&amp;position=top&amp;presentation=true&amp;download=true&amp;copy_text=true&amp;doc_rotation=true&amp;doc_details=true" frameborder="0"></iframe>

				
				<p class="embedpress-el-powered">Powered By EmbedPress</p>			</div>

		</div>
	


<h3 class="margin_top wp-block-heading">Lista de reserva de las vocalías distritales para la Elección de Gubernatura 2023.</h3>



<article class="contenedor_lista">
<ul>
 	<li class="criterios-descarga"><a href="https://sistemaselec.ieem.org.mx/vocalias2023/wp-content/docs_vocales/Publicacion_de_los_aspirantes_que_integran_la_lista_de_reserva.pdf" target="_blank" rel="noopener">Descargar<strong>LISTA DE PERSONAS EN LISTA DE RESERVA</strong></a></li>
</ul></article>


		<div class="embedpress-document-embed embedpress-pdf ose-document ep-doc-753b95360fbbbf82411997cfbf5a966e ">
			<div class="embedpress-inner-iframe">
				<iframe class="embedpress-embed-document-pdf embedpress-pdf-1672961184232" style="width:600px;height:600px; max-width:100%; display: inline-block" src="https://sistemaselec.ieem.org.mx/vocalias2023/wp-content/plugins/embedpress/assets/pdf/web/viewer.html?file=https://sistemaselec.ieem.org.mx/vocalias2023/wp-content/uploads/Publicacion_de_los_aspirantes_que_integran_la_lista_de_reserva.pdf#themeMode=default&amp;toolbar=true&amp;position=top&amp;presentation=true&amp;download=true&amp;copy_text=true&amp;doc_rotation=true&amp;doc_details=true" frameborder="0"></iframe>

				
				<p class="embedpress-el-powered">Powered By EmbedPress</p>			</div>

		</div>

<p>DESIGNACIÓN Lista de personas designadas en las vocalías distritales para la Elección de Gubernatura 2023. [&hellip;]</p>
