

{"id":66,"date":"2022-09-29T23:04:44","date_gmt":"2022-09-29T23:04:44","guid":{"rendered":"https:\/\/10.10.3.106\/candidatura-independiente\/?page_id=66"},"modified":"2022-12-22T18:00:11","modified_gmt":"2022-12-22T18:00:11","slug":"snr","status":"publish","type":"page","link":"https:\/\/sistemaselec.ieem.org.mx\/candidatura-independiente\/snr\/","title":{"rendered":"SNR"},"content":{"rendered":"\n<h2 class=\"wp-block-heading\">SNR<\/h2>\n\n\n\n<p><\/p>\n\n\n\n<h3 class=\"has-text-align-center wp-block-heading\">Apoyo de la ciudadan\u00eda<\/h3>\n\n\n\n<article class=\"contenedor_lista\">\n<ul>\n   <li class=\"link_externo\"><a href=\"https:\/\/registrocandidaturas.ine.mx\/snr\/app\/login\" target=\"_blank\" rel=\"noopener\"><strong>Liga p\u00fablica <\/strong><\/a><\/li>\n   <li class=\"pasos-a-seguir\"><a href=\"https:\/\/10.10.3.106\/candidatura-independiente\/wp-content\/docs\/SRN\/carte-sistema-independientes-2023.pdf\" target=\"_blank\" rel=\"noopener\">Pasos<strong>Para realizar el registro en SNR <\/strong><\/a><\/li>\n   <li class=\"instructivo\"><a href=\"https:\/\/sitios.ine.mx\/archivos2\/tutoriales\/sistemas\/ApoyoInstitucional\/SNR\/rsc\/docs\/PDF\/Guia_Registro_Aspirantes_Liga_publica.pdf\" target=\"_blank\" rel=\"noopener\">Gu\u00eda<strong>Registro a trav\u00e9s de la liga p\u00fablica del SNR<\/strong><\/a><\/li>\n<li class=\"instructivo\"><a href=\"https:\/\/sitios.ine.mx\/archivos2\/tutoriales\/sistemas\/ApoyoInstitucional\/SNR\/rsc\/docs\/PDF\/Guia_Adjuntar_Formularios_firmados_Aspirantes_Liga_publica.pdf\" target=\"_blank\" rel=\"noopener\">Gu\u00eda<strong>Adjuntar formulario<\/strong><\/a><\/li>\n   <li class=\"video\"><a href=\"https:\/\/sitios.ine.mx\/archivos2\/tutoriales\/sistemas\/ApoyoInstitucional\/SNR\/rsc\/docs\/auxiliares\/Registro_Liga_Publica_SNR.mp4\" target=\"_blank\" rel=\"noopener\">Video<strong>Registro de aspirantes en SNR<\/strong><\/a><\/li>\n   <li class=\"recomendaciones\"><a href=\"https:\/\/10.10.3.106\/candidatura-independiente\/wp-content\/docs\/SRN\/recomendaciones_SNR2023.pdf\" target=\"_blank\" rel=\"noopener\">Recomendaciones<strong>Preoperativas a la fiscalizaci\u00f3n <\/strong><\/a><\/li>\n<li class=\"infografia\"><a href=\"https:\/\/10.10.3.106\/candidatura-independiente\/wp-content\/docs\/SRN\/Obligaciones_Fiscalizacion_ApoyoCiudadania.pdf\" target=\"_blank\" rel=\"noopener\">Obligaciones en materia de Fiscalizaci\u00f3n<strong>obtenci\u00f3n de apoyo de la ciudadan\u00eda<\/strong><\/a><\/li>\n<\/ul>\n<\/article>\n\n\n\n<h3 class=\"has-text-align-center wp-block-heading\">Campa\u00f1a<\/h3>\n\n\n\n<article class=\"contenedor_lista\">\n<ul>\n<li class=\"instructivo\"><a href=\"https:\/\/sitios.ine.mx\/archivos2\/tutoriales\/sistemas\/ApoyoInstitucional\/SNR\/rsc\/docs\/PDF\/Guia_registro_candidaturas_liga_publica.pdf\" target=\"_blank\" rel=\"noopener\">Gu\u00eda<strong>Registro de candidaturas a trav\u00e9s de la liga p\u00fablica del SNR\n<\/strong><\/a><\/li>\n<li class=\"instructivo\"><a href=\"https:\/\/sitios.ine.mx\/archivos2\/tutoriales\/sistemas\/ApoyoInstitucional\/SNR\/rsc\/docs\/PDF\/Guia_adjuntar_formularios_candidaturas_liga_publica.pdf\" target=\"_blank\" rel=\"noopener\">Gu\u00eda<strong>Para adjuntar formularios<\/strong><\/a><\/li>\n<li class=\"instructivo\"><a href=\"https:\/\/sitios.ine.mx\/archivos2\/tutoriales\/sistemas\/ApoyoInstitucional\/SNR\/rsc\/docs\/PDF\/Guia_consultar_modificar_candidaturas_liga_publica.pdf\" target=\"_blank\" rel=\"noopener\">Gu\u00eda<strong>Consulta y modificaci\u00f3n de datos<\/strong><\/a><\/li>\n<li class=\"video\"><a href=\"https:\/\/sitios.ine.mx\/archivos2\/tutoriales\/sistemas\/ApoyoInstitucional\/SNR\/rsc\/docs\/auxiliares\/SNR_RecuperaciondedatosdelAspiranteaCI\/media\/index_player.html\" target=\"_blank\" rel=\"noopener\">Video<strong>Registro candidatura independiente <\/strong><\/a><\/li>\n<\/ul>\n<\/article>\n","protected":false},"excerpt":{"rendered":"<p>SNR Apoyo de la ciudadan\u00eda Liga p\u00fablica PasosPara realizar el registro en SNR Gu\u00edaRegistro a [&hellip;]<\/p>\n","protected":false},"author":1,"featured_media":0,"parent":0,"menu_order":0,"comment_status":"closed","ping_status":"closed","template":"","meta":{"footnotes":""},"class_list":["post-66","page","type-page","status-publish","hentry"],"_links":{"self":[{"href":"https:\/\/sistemaselec.ieem.org.mx\/candidatura-independiente\/wp-json\/wp\/v2\/pages\/66","targetHints":{"allow":["GET"]}}],"collection":[{"href":"https:\/\/sistemaselec.ieem.org.mx\/candidatura-independiente\/wp-json\/wp\/v2\/pages"}],"about":[{"href":"https:\/\/sistemaselec.ieem.org.mx\/candidatura-independiente\/wp-json\/wp\/v2\/types\/page"}],"author":[{"embeddable":true,"href":"https:\/\/sistemaselec.ieem.org.mx\/candidatura-independiente\/wp-json\/wp\/v2\/users\/1"}],"replies":[{"embeddable":true,"href":"https:\/\/sistemaselec.ieem.org.mx\/candidatura-independiente\/wp-json\/wp\/v2\/comments?post=66"}],"version-history":[{"count":44,"href":"https:\/\/sistemaselec.ieem.org.mx\/candidatura-independiente\/wp-json\/wp\/v2\/pages\/66\/revisions"}],"predecessor-version":[{"id":410,"href":"https:\/\/sistemaselec.ieem.org.mx\/candidatura-independiente\/wp-json\/wp\/v2\/pages\/66\/revisions\/410"}],"wp:attachment":[{"href":"https:\/\/sistemaselec.ieem.org.mx\/candidatura-independiente\/wp-json\/wp\/v2\/media?parent=66"}],"curies":[{"name":"wp","href":"https:\/\/api.w.org\/{rel}","templated":true}]}}