

{"id":62,"date":"2022-09-29T23:04:02","date_gmt":"2022-09-29T23:04:02","guid":{"rendered":"https:\/\/10.10.3.106\/candidatura-independiente\/?page_id=62"},"modified":"2022-10-12T22:18:36","modified_gmt":"2022-10-12T22:18:36","slug":"anexos-2","status":"publish","type":"page","link":"https:\/\/sistemaselec.ieem.org.mx\/candidatura-independiente\/anexos-2\/","title":{"rendered":"Anexos"},"content":{"rendered":"\n<h2 class=\"wp-block-heading\">Anexos<\/h2>\n\n\n\n<article class=\"contenedor_lista\">\n<ul>\n   <li class=\"anexos-descarga\"><a href=\"https:\/\/10.10.3.106\/candidatura-independiente\/wp-content\/docs\/anexo_1.pdf\" target=\"_blank\" rel=\"noopener\">Anexo 1 <strong>ESCRITO DE MANIFESTACI\u00d3N DE INTENCI\u00d3N<\/strong><span>DOCUMENTO RELLENABLE<\/span><\/a><\/li>\n   <li class=\"anexos-descarga\"><a href=\"https:\/\/10.10.3.106\/candidatura-independiente\/wp-content\/docs\/anexo_2.pdf\" target=\"_blank\" rel=\"noopener\">Anexo 2 <strong>MODELO \u00daNICO DE ESTATUTOS<\/strong><span>DOCUMENTO RELLENABLE<\/span><\/a><\/li>\n   <li class=\"anexos-descarga\"><a href=\"https:\/\/10.10.3.106\/candidatura-independiente\/wp-content\/docs\/anexo_3.pdf\" target=\"_blank\" rel=\"noopener\">Anexo 3 <strong>ACEPTACI\u00d3N DE NOTIFICACIONES V\u00cdA CORREO ELECTR\u00d3NICO<\/strong><span>DOCUMENTO RELLENABLE<\/span><\/a><\/li>\n   <li class=\"anexos-descarga\"><a href=\"https:\/\/10.10.3.106\/candidatura-independiente\/wp-content\/docs\/anexo_4.pdf\" target=\"_blank\" rel=\"noopener\">Anexo 4 <strong>ACEPTACI\u00d3N DEL USO DE LA APLICACI\u00d3N M\u00d3VIL<\/strong><span>DOCUMENTO RELLENABLE<\/span><\/a><\/li>\n   <li class=\"anexos-descarga\"><a href=\"https:\/\/10.10.3.106\/candidatura-independiente\/wp-content\/docs\/anexo_5.pdf\" target=\"_blank\" rel=\"noopener\">Anexo 5 <strong>MANIFESTACI\u00d3N DE CONFORMIDAD PARA QUE EL INE FISCALICE LOS INGRESOS Y EGRESOS DE LA CUENTA BANCARIA<\/strong><span>DOCUMENTO RELLENABLE<\/span><\/a><\/li>\n   <li class=\"anexos-descarga\"><a href=\"https:\/\/10.10.3.106\/candidatura-independiente\/wp-content\/docs\/anexo_6.pdf\" target=\"_blank\" rel=\"noopener\">Anexo 6 <strong>MANIFESTACI\u00d3N BAJO PROTESTA DE DECIR VERDAD<\/strong><span>DOCUMENTO RELLENABLE<\/span><\/a><\/li>\n   <li class=\"anexos-descarga\"><a href=\"https:\/\/10.10.3.106\/candidatura-independiente\/wp-content\/docs\/anexo_7.pdf\" target=\"_blank\" rel=\"noopener\">Anexo 7 <strong>AVISO DE PRIVACIDAD<\/strong><span>DOCUMENTO RELLENABLE<\/span><\/a><\/li>\n<li class=\"anexos-descarga\"><a href=\"https:\/\/10.10.3.106\/candidatura-independiente\/wp-content\/docs\/anexo_7_ciudadania.pdf\" target=\"_blank\" rel=\"noopener\">Anexo 7 <strong>AVISO DE PRIVACIDAD<br>VERSI\u00d3N PARA LA CIUDADAN\u00cdA<\/strong><\/a><\/li>\n   <li class=\"anexos-descarga\"><a href=\"https:\/\/10.10.3.106\/candidatura-independiente\/wp-content\/docs\/anexo_8.pdf\" target=\"_blank\" rel=\"noopener\">Anexo 8 <strong>C\u00c9DULA DE RESPALDO DE APOYO DE LA CIUDADAN\u00cdA<\/strong><span>DOCUMENTO RELLENABLE<\/span><\/a><\/li>\n   <li class=\"anexos-descarga\"><a href=\"https:\/\/10.10.3.106\/candidatura-independiente\/wp-content\/docs\/anexo_9.pdf\" target=\"_blank\" rel=\"noopener\">Anexo 9 <strong>SOLICITUD DE REGISTRO CANDIDATURA INDEPENDIENTE<\/strong><span>DOCUMENTO RELLENABLE<\/span><\/a><\/li>\n   <li class=\"anexos-descarga\"><a href=\"https:\/\/10.10.3.106\/candidatura-independiente\/wp-content\/docs\/anexo_10.pdf\" target=\"_blank\" rel=\"noopener\">Anexo 10 <strong>DECLARATORIA DE ACEPTACI\u00d3N DE LA CANDIDATURA INDEPENDIENTE<\/strong><span>DOCUMENTO RELLENABLE<\/span><\/a><\/li>\n   <li class=\"anexos-descarga\"><a href=\"https:\/\/10.10.3.106\/candidatura-independiente\/wp-content\/docs\/anexo_11.pdf\" target=\"_blank\" rel=\"noopener\">Anexo 11 <strong>DECLARATORIA BAJO PROTESTA DE DECIR VERDAD <\/strong><span>DOCUMENTO RELLENABLE<\/span><\/a><\/li>\n<\/ul>\n<\/article>\n","protected":false},"excerpt":{"rendered":"<p>Anexos Anexo 1 ESCRITO DE MANIFESTACI\u00d3N DE INTENCI\u00d3NDOCUMENTO RELLENABLE Anexo 2 MODELO \u00daNICO DE ESTATUTOSDOCUMENTO [&hellip;]<\/p>\n","protected":false},"author":1,"featured_media":0,"parent":0,"menu_order":0,"comment_status":"closed","ping_status":"closed","template":"","meta":{"footnotes":""},"class_list":["post-62","page","type-page","status-publish","hentry"],"_links":{"self":[{"href":"https:\/\/sistemaselec.ieem.org.mx\/candidatura-independiente\/wp-json\/wp\/v2\/pages\/62","targetHints":{"allow":["GET"]}}],"collection":[{"href":"https:\/\/sistemaselec.ieem.org.mx\/candidatura-independiente\/wp-json\/wp\/v2\/pages"}],"about":[{"href":"https:\/\/sistemaselec.ieem.org.mx\/candidatura-independiente\/wp-json\/wp\/v2\/types\/page"}],"author":[{"embeddable":true,"href":"https:\/\/sistemaselec.ieem.org.mx\/candidatura-independiente\/wp-json\/wp\/v2\/users\/1"}],"replies":[{"embeddable":true,"href":"https:\/\/sistemaselec.ieem.org.mx\/candidatura-independiente\/wp-json\/wp\/v2\/comments?post=62"}],"version-history":[{"count":22,"href":"https:\/\/sistemaselec.ieem.org.mx\/candidatura-independiente\/wp-json\/wp\/v2\/pages\/62\/revisions"}],"predecessor-version":[{"id":384,"href":"https:\/\/sistemaselec.ieem.org.mx\/candidatura-independiente\/wp-json\/wp\/v2\/pages\/62\/revisions\/384"}],"wp:attachment":[{"href":"https:\/\/sistemaselec.ieem.org.mx\/candidatura-independiente\/wp-json\/wp\/v2\/media?parent=62"}],"curies":[{"name":"wp","href":"https:\/\/api.w.org\/{rel}","templated":true}]}}